he units digit of k?
5
Let f be (0 - -16)/2 + 3. Let q = -17 + f. What is the tens digit of 16/12 + (-208)/q?
3
Suppose 0 = -2*g + 5*g - 15. Suppose 2*z + 4*w = 6*z - 88, -3*w = g*z - 142. Suppose -2*d + 3 - z = -t, 0 = 2*d - 4. What is the tens digit of t?
2
Suppose 3*d - 12 = 0, 4*t - 3 = -2*d + 45. Suppose 272 = -6*o + t*o. What is the tens digit of o?
6
Let w(u) = u**2 - 3*u + 9. Let r be w(7). Suppose -r = -o - 0*o. What is the units digit of o?
7
Let o(u) = -u**2 + 13*u - 15. Let p be o(13). Let g(n) = -n**2 - 16*n - 10. What is the units digit of g(p)?
5
Let w = 120 + -53. Suppose 5*s = 133 + w. Let q = s - 21. What is the tens digit of q?
1
Suppose 0 = 2*g - 116 - 542. What is the hundreds digit of g?
3
Let o = 1171 + 552. What is the thousands digit of o?
1
Suppose -j - 22 + 193 = 0. Suppose -2*a + i = -87, 4*a + 0*a - 3*i = j. What is the tens digit of a?
4
Let t = 368 + -176. What is the tens digit of ((-1)/(-2))/(8/t)?
1
Suppose 4185 = 4*f - 1247. What is the units digit of f/21 - (-2)/(-3)?
4
Suppose 5*h + 25 = -5*r, h - 5*h = -2*r - 4. Let k(w) be the first derivative of -w**4/4 - w**3 + 2*w + 1. What is the tens digit of k(r)?
1
Let d = 4092 - 1991. What is the tens digit of d?
0
Let f = -72 + 330. What is the hundreds digit of f?
2
Let s = 7701 - 3420. What is the hundreds digit of s?
2
Suppose -2*i + 15 = 3*i. Suppose -103 + 358 = i*j. What is the tens digit of j?
8
Suppose -v + 3*g + 1259 = 0, -40 + 43 = -g. What is the units digit of v?
0
Suppose -3 + 11 = 4*x. Suppose 2*o + 4*w + 29 = 85, -x*o = -w - 36. What is the units digit of o?
0
Suppose -71 = -6*z + 1. Let c(q) = 11*q**2 + z - 9 + 6*q - 15 + q**3 - 20*q. What is the units digit of c(-12)?
2
Suppose 0 = -r + 2*l + 268, 5*r - 1396 = 2*l - 6*l. Suppose 4*m = 3*n + 361, 0*m + 3*m - 4*n = r. What is the units digit of m?
8
Suppose -3*g + 44 - 65 = 0. Let v(s) = 6*s**2 + 2*s - 4. Let t be v(-3). Let i = t + g. What is the tens digit of i?
3
Let r = 6 + -4. Let w(d) = 4 + r*d**2 - 1 - d**2 + 1 + 4*d. What is the units digit of w(-5)?
9
Let o(j) = -2*j - 2. Let w be o(-2). Suppose -4*c = 3*u - 21, -w*u + 12 = 3*c - u. Suppose 0 = k - c, 12 = 3*n - 3*k - 0. What is the units digit of n?
7
Suppose -3*x = 5*a - 12241, -5*a + 293 + 3774 = x. What is the units digit of x?
7
Suppose 16 = -0*p + p. Suppose -2*s = -p - 10. Suppose -s*d + 15*d - 12 = 0. What is the units digit of d?
6
Suppose -4*c + 89 = w + 26, 2*w = 4*c - 54. Let u = c + -25. What is the tens digit of 2/u - 408/(-40)?
1
Let i(y) = 3*y**3 - 21*y**2 - 16*y - 11. What is the hundreds digit of i(10)?
7
Let y = 1825 - 722. What is the tens digit of y?
0
Suppose -175*o = -184*o + 2304. What is the hundreds digit of o?
2
Suppose -4*r - 4*r = -2472. What is the hundreds digit of r?
3
Suppose 0 = -2*o - 6, 2*o = 2*s - 914. What is the units digit of s?
4
Suppose 3*x - 414 = -0*x. What is the tens digit of x?
3
Let x(c) = -c**3 - c**2 - c - 12. Let y be 1 - (12/54 + 102/27). What is the units digit of x(y)?
9
Suppose -276 = p - 2*p. Suppose -4*k + 23 - 7 = 0. Suppose k*h + 0*h - p = 0. What is the units digit of h?
9
Let m(y) be the second derivative of y**4/12 + y**3/2 + 42*y**2 - 16*y. What is the tens digit of m(0)?
8
Let r = 460 - -1114. What is the units digit of r?
4
Let o = -881 - -2432. What is the units digit of o?
1
Let x be ((5 - 0 - 0)*1)/1. What is the tens digit of 5 - x - 2*-35?
7
Let f be ((-32)/20)/((-3)/15). Suppose 4*n - 71 = c, f = -5*n + c + 96. What is the tens digit of n?
1
Let g(k) = 124*k + 214. What is the thousands digit of g(11)?
1
Let w(a) be the second derivative of 0 - 5/6*a**3 + a + 5/2*a**2. What is the units digit of w(-8)?
5
Suppose -11*a = 21 + 56. What is the units digit of (a + (-5 - -4))*(-369)/12?
6
Let d(w) be the second derivative of 3*w**5/20 + w**4/4 - w**2/2 + 3*w. Let n = 5 + -3. What is the units digit of d(n)?
5
Suppose v = 3*m + 25, 3*v + 4*m - 102 - 25 = 0. Let g = v + 17. What is the tens digit of g?
5
Let j = -26 + 17. Let s = j + 0. What is the tens digit of (2 + -5)*69/s?
2
Let v(l) = -l**3 - 7*l**2 - 4*l + 16. Let u be v(-6). Suppose -5*w = 4*q - 812, w + u*q - q = 169. What is the hundreds digit of w?
1
Suppose -81*a - 56400 = -106*a. What is the hundreds digit of a?
2
Suppose -2*b + 28 = 2*f, -5*b + f + 63 = -f. Let t(d) = -d**2 + 12*d + 11. Let c be t(b). What is the units digit of -1*(-3 + (-6 - c))?
7
Let y = -371 - -219. Let t = 38 - y. What is the hundreds digit of t?
1
Let o(b) = b**2 + 6*b. Let k(v) = 5*v**3 - v**2 + v + 1. Let z be k(-1). Let u be o(z). Let n(a) = a**2 + 14. What is the units digit of n(u)?
4
Let f(h) = 0 - 3*h**3 + 0*h**3 - h + 2 + 2*h**3. Let g be f(0). Suppose -g*d + 0 = -18. What is the units digit of d?
9
Let v = -639 + 1009. What is the hundreds digit of v?
3
Let c = 1 - -6. Suppose 4*z + c = 279. What is the tens digit of 2932/z - (-8)/(-68)?
4
Suppose -15*f = -r - 18*f + 3338, 2*f + 9981 = 3*r. What is the units digit of r?
9
Let y be (-8)/3*(-12 - -9). Suppose -2*d = -y + 2. Let b = d - -57. What is the tens digit of b?
6
Suppose -2230 = -2*g + y, -y - 3 = -1. What is the tens digit of g?
1
Let l be (-45)/(-6)*(-8)/(-10). Suppose l = 3*n - 15. What is the units digit of n?
7
Let s be (-4 - -2) + 5 - -2. What is the tens digit of 89/s + 72/(-90)?
1
Let f(j) = j**3 + 16*j**2 - 12*j - 24. Let q be f(-16). Suppose 7*i = i + q. What is the tens digit of i?
2
Let o = 4629 + -2621. What is the units digit of o?
8
Suppose 3*z - q - 17680 = 0, 5*q - 17672 = -3*z + 10*q. What is the hundreds digit of z?
8
Let v be -8*(-10)/(-25)*-5. What is the tens digit of ((-71)/(-2))/(8/v)?
7
Suppose -13*l = -5*l - 48. Let p(q) = 10*q - 46. What is the units digit of p(l)?
4
What is the tens digit of (-17 + 4244)/(3 - 0)?
0
Suppose 4*q - 2*g = 456, -3*q - 4*g = -406 + 75. Suppose 4*b + 25 = q. What is the tens digit of b?
2
Let p(l) = 36*l - 6. Let w be p(2). Let o be (1*-5)/(11/w). Let f = o - -50. What is the units digit of f?
0
Let d = 198 - 212. Let t be (-663)/5 - 4/10. What is the tens digit of 4/d - 4028/t?
3
Let r(k) = -4*k**2 + 25*k - 15. Let o(n) = -3*n**2 + 25*n - 16. Let l(z) = -5*o(z) + 4*r(z). What is the units digit of l(-24)?
4
Let g = -18 - -23. Suppose 68 = -3*r + g*r. What is the tens digit of r?
3
Suppose -4*h = -s - 6183, -7*s + 6*s + 3093 = 2*h. What is the units digit of h?
6
Let r = 14 - 8. Suppose -r*h = -h - 160. Let f = h - 15. What is the units digit of f?
7
Let w(m) = m + 11. Let t be w(-6). Suppose 538 = t*b - 47. What is the hundreds digit of b?
1
Let a = -46 + 47. What is the hundreds digit of (125/(-20))/(a/(-20))?
1
Suppose 0 = -g - n + 619, 3*g = 4*n + 1634 + 251. What is the tens digit of g?
2
Suppose 2*q - 5*m - 5585 = 0, m - 2*m - 8371 = -3*q. What is the hundreds digit of q?
7
Suppose -26 = -5*u + 4*c, -7*c = 4*u - 3*c + 8. Suppose u*n + 158 - 476 = 0. What is the units digit of n?
9
Let v = -301 - -535. Suppose -o - 5*a + v = 0, 2*o - a - 750 = -o. What is the hundreds digit of o?
2
Let i(g) = g**3 + 10*g**2 - 9*g - 17. Let w be i(-10). What is the units digit of ((-3)/3 + 4)*w?
9
Let a be 5*(39/15 + -1). Let u = -4 + a. Suppose -76 = -4*g - 4*l, u*g - l = -g + 101. What is the units digit of g?
0
Suppose 5*l + t - 1 = 12, 5*l - t = 7. Let c be ((-1)/l)/(9/(-54)). Suppose 0 = -x + r + 30, 0 = -2*x - 5*r + c + 78. What is the units digit of x?
3
Let f = -1952 - -3287. What is the tens digit of f?
3
Suppose 16*g - 35 = 11*g. Suppose g*r = 4*r + 186. What is the tens digit of r?
6
Let l(j) = -2*j + 11. Let i be l(8). Let h be -13 + -1 + (-10)/i. What is the units digit of (h*3)/((-9)/12)?
8
Suppose y - 581 = -2*w, -5*w + 2*w = -3*y + 1725. What is the hundreds digit of y?
5
Let x = 278 + -131. Suppose -2*j = 3 - x. What is the tens digit of j?
7
Let p be 1*(31 - 6/(-2)). Let a = -19 + p. Suppose -m + a = -14. What is the tens digit of m?
2
Let a be (-20)/(-5) + 13 + 0. Suppose -y - 9 + a = 0. What is the units digit of y?
8
Suppose -7*m = -2*m - 325. Suppose o - m = -0*o. Let g = o + -44. What is the tens digit of g?
2
Let y = -8 - -1. Let w(p) = -5 + p + 2 - 2 + 3*p + p**2. What is the tens digit of w(y)?
1
Let k = -15 + -2. Let s = 39 - k. What is the tens digit of s?
5
Suppose -2*y - 6 = 0, 6*u = 4*u - 5*y + 363. 